t is the units digit of 22815?
5
What is the tens digit of 4844?
4
What is the units digit of 69531?
1
What is the units digit of 4113?
3
What is the tens digit of 8664?
6
What is the units digit of 1960?
0
What is the tens digit of 1289?
8
What is the thousands digit of 12408?
2
What is the hundreds digit of 3759?
7
What is the thousands digit of 1526?
1
What is the units digit of 771?
1
What is the ten thousands digit of 23083?
2
What is the ten thousands digit of 61248?
6
What is the hundred thousands digit of 103904?
1
What is the thousands digit of 11201?
1
What is the hundreds digit of 1109?
1
What is the units digit of 8890?
0
What is the units digit of 2288?
8
What is the units digit of 3228?
8
What is the tens digit of 184?
8
What is the ten thousands digit of 12904?
1
What is the ten thousands digit of 25892?
2
What is the hundreds digit of 19727?
7
What is the units digit of 43762?
2
What is the tens digit of 35100?
0
What is the units digit of 1510?
0
What is the units digit of 734?
4
What is the hundreds digit of 309?
3
What is the units digit of 4486?
6
What is the hundreds digit of 10944?
9
What is the tens digit of 1035?
3
What is the units digit of 8280?
0
What is the thousands digit of 106452?
6
What is the units digit of 13590?
0
What is the units digit of 30883?
3
What is the tens digit of 3134?
3
What is the thousands digit of 15443?
5
What is the tens digit of 40953?
5
What is the tens digit of 4455?
5
What is the thousands digit of 18677?
8
What is the hundreds digit of 823?
8
What is the tens digit of 141?
4
What is the tens digit of 7250?
5
What is the hundreds digit of 25013?
0
What is the thousands digit of 6602?
6
What is the hundreds digit of 56260?
2
What is the tens digit of 610?
1
What is the units digit of 10?
0
What is the hundreds digit of 7610?
6
What is the units digit of 3141?
1
What is the tens digit of 884?
8
What is the units digit of 35252?
2
What is the units digit of 454?
4
What is the hundreds digit of 4622?
6
What is the units digit of 89971?
1
What is the tens digit of 15574?
7
What is the hundreds digit of 5048?
0
What is the thousands digit of 1033?
1
What is the ten thousands digit of 10345?
1
What is the hundreds digit of 1766?
7
What is the tens digit of 1011?
1
What is the hundred thousands digit of 147236?
1
What is the units digit of 8070?
0
What is the ten thousands digit of 75989?
7
What is the tens digit of 1165?
6
What is the units digit of 1360?
0
What is the thousands digit of 2561?
2
What is the tens digit of 17?
1
What is the tens digit of 24991?
9
What is the hundreds digit of 33556?
5
What is the thousands digit of 90814?
0
What is the hundreds digit of 19048?
0
What is the hundreds digit of 123?
1
What is the thousands digit of 7061?
7
What is the thousands digit of 3470?
3
What is the hundreds digit of 698?
6
What is the thousands digit of 1094?
1
What is the thousands digit of 3790?
3
What is the tens digit of 3000?
0
What is the ten thousands digit of 10332?
1
What is the units digit of 5325?
5
What is the units digit of 9283?
3
What is the hundreds digit of 4581?
5
What is the units digit of 1308?
8
What is the tens digit of 52?
5
What is the tens digit of 133504?
0
What is the hundreds digit of 5587?
5
What is the tens digit of 302?
0
What is the thousands digit of 35520?
5
What is the hundreds digit of 957?
9
What is the ten thousands digit of 64793?
6
What is the hundreds digit of 1419?
4
What is the hundreds digit of 162881?
8
What is the hundreds digit of 77418?
4
What is the hundreds digit of 13278?
2
What is the hundreds digit of 4236?
2
What is the tens digit of 50726?
2
What is the thousands digit of 1434?
1
What is the hundreds digit of 832?
8
What is the units digit of 704?
4
What is the thousands digit of 1655?
1
What is the hundreds digit of 4203?
2
What is the thousands digit of 44639?
4
What is the tens digit of 228?
2
What is the hundreds digit of 18167?
1
What is the tens digit of 1271?
7
What is the units digit of 416?
6
What is the hundreds digit of 58541?
5
What is the hundreds digit of 8114?
1
What is the units digit of 24582?
2
What is the ten thousands digit of 22878?
2
What is the ten thousands digit of 70608?
7
What is the hundreds digit of 16023?
0
What is the units digit of 50334?
4
What is the ten thousands digit of 62900?
6
What is the ten thousands digit of 48194?
4
What is the tens digit of 106?
0
What is the units digit of 4688?
8
What is the units digit of 824?
4
What is the units digit of 132420?
0
What is the thousands digit of 1724?
1
What is the units digit of 1070?
0
What is the thousands digit of 7492?
7
What is the ten thousands digit of 107839?
0
What is the hundreds digit of 6907?
9
What is the ten thousands digit of 48159?
4
What is the units digit of 693?
3
What is the thousands digit of 3133?
3
What is the tens digit of 5136?
3
What is the ten thousands digit of 24802?
2
What is the hundreds digit of 192?
1
What is the hundreds digit of 7452?
4
What is the units digit of 2723?
3
What is the ten thousands digit of 20358?
2
What is the ten thousands digit of 40247?
4
What is the hundreds digit of 1814?
8
What is the hundreds digit of 9471?
4
What is the thousands digit of 3289?
3
What is the tens digit of 114?
1
What is the tens digit of 397?
9
What is the units digit of 690?
0
What is the tens digit of 39525?
2
What is the hundreds digit of 309?
3
What is the hundreds digit of 31237?
2
What is the hundreds digit of 15650?
6
What is the units digit of 29781?
1
What is the tens digit of 73019?
1
What is the units digit of 10664?
4
What is the units digit of 6962?
2
What is the ten thousands digit of 72471?
7
What is the hundreds digit of 2228?
2
What is the tens digit of 711?
1
What is the units digit of 16810?
0
What is the hundreds digit of 38504?
5
What is the units digit of 776?
6
What is the thousands digit of 65838?
5
What is the tens digit of 179222?
2
What is the units digit of 1350?
0
What is the units digit of 145605?
5
What is the thousands digit of 3367?
3
What is the thousands digit of 1828?
1
What is the units digit of 1296?
6
What is the units digit of 10068?
8
What is the hundreds digit of 4377?
3
What is the units digit of 1220?
0
What is the hundreds digit of 284?
2
What is the units digit of 4696?
6
What is the units digit of 1916?
6
What is the tens digit of 2329?
2
What is the hundreds digit of 1628?
6
What is the ten thousands digit of 93125?
9
What is the ten thousands digit of 50749?
5
What is the hundred thousands digit of 157315?
1
What is the hundreds digit of 892?
8
What is the hundreds digit of 70070?
0
What is the tens digit of 71686?
8
What is the ten thousands digit of 52651?
5
What is the units digit of 23058?
8
What is the units digit of 11678?
8
What is the ten thousands digit of 22521?
2
What is the units digit of 9910?
0
What is the hundreds digit of 1994?
9
What is the tens digit of 18458?
5
What is the thousands digit of 20667?
0
What is the thousands digit of 9997?
9
What is the thousands digit of 26029?
6
What is the thousands digit of 1342?
1
What is the tens digit of 8363?
6
What is the hundreds digit of 951?
9
What is the tens digit of 1393?
9
What is the tens digit of 4869?
6
What is the hundreds digit of 13034?
0
What is the units digit of 849?
9
What is the hundreds digit of 2457?
4
What is the ten thousands digit of 117304?
1
What is the units digit of 82227?
7
What is the hundreds digit of 956?
9
What is the units digit of 18658?
8
What is the thousands digit of 1718?
1
What is the hundreds digit of 791?
7
What is the tens digit of 3613?
1
What is the hundreds digit of 983?
9
What is the tens digit of 10350?
5
What is the ten thousands digit of 12053?
1
What is the units digit of 1373?
3
What is the units digit of 6498?
8
What is the hundreds digit of 19620?
6
What is the thousands digit of 13114?
3
What is the units digit of 9306?
6
What is the tens digit of 1867?
6
What is the tens digit of 773?
7
What is the thousands digit of 3046?
3
What is the thousands digit of 2372?
2
What is the thousands digit of 2895?
2
What is the hundreds digit of 1623?
6
What is the tens digit of 13167?
6
What is the units digit of 2057?
7
What is the units digit of 604?
4
What is the units digit of 